{"id":34,"date":"2020-10-20T20:13:21","date_gmt":"2020-10-20T18:13:21","guid":{"rendered":"http:\/\/www.rovtaw.com\/?page_id=34"},"modified":"2020-11-27T16:26:26","modified_gmt":"2020-11-27T15:26:26","slug":"accueil","status":"publish","type":"page","link":"https:\/\/www.rovtaw.com\/","title":{"rendered":"Accueil"},"content":{"rendered":"\n<h1>Bienvenue sur le site rovtaw<\/h1>\n\n\n\n<div style=\"height:85px\" aria-hidden=\"true\" class=\"wp-block-spacer\"><\/div>\n\n\n\n<p>Fort de ses 10 ans d\u2019exp\u00e9rience TAW vous propose son service rov (Remoted Operated Vehicle).<br>Notre robot sous-marin \u201cfiloguid\u00e9\u201d de la marque Videoray PRO3 XE GTO nous permet de vous proposer le meilleur rapport qualit\u00e9\/prix, il poss\u00e8de le plus grand rapport poids\/puissance.<\/p>\n\n\n\n<p>Vous pouvez retrouver les caract\u00e9ristiques de notre \u00e9quipement dans l&#8217;onglet <a href=\"http:\/\/www.rovtaw.com\/index.php\/equipements\/\" data-type=\"URL\" data-id=\"www.rovtaw.com\/index.php\/equipements\/\">&#8220;Equipements&#8221;<\/a>.<\/p>\n\n\n\n<p><br>Dans de nombreux cas, l\u2019utilisation de mini ROV est une bonne alternative aux plongeurs, ou un atout non-n\u00e9gligeable en combinaison avec ceux-ci. De par son design, il peut \u00eatre transport\u00e9 par voie a\u00e9rienne, il permet d\u2019avoir acc\u00e8s, en toute s\u00e9curit\u00e9, \u00e0 des endroits o\u00f9 les plongeurs ne peuvent pas aller.<\/p>\n\n\n\n<p><\/p>\n","protected":false},"excerpt":{"rendered":"<p>Bienvenue sur le site rovtaw Fort de ses 10 ans d\u2019exp\u00e9rience TAW vous propose son service rov (Remoted Operated Vehicle).Notre robot sous-marin \u201cfiloguid\u00e9\u201d de la marque Videoray PRO3 XE GTO nous permet de vous proposer le meilleur rapport qualit\u00e9\/prix, il poss\u00e8de le plus grand rapport poids\/puissance. Vous pouvez retrouver les caract\u00e9ristiques de notre \u00e9quipement dans <a class=\"read-more\" href=\"https:\/\/www.rovtaw.com\/\">READ MORE<\/a><\/p>\n","protected":false},"author":1,"featured_media":0,"parent":0,"menu_order":0,"comment_status":"closed","ping_status":"closed","template":"","meta":[],"yoast_head":"<!-- This site is optimized with the Yoast SEO plugin v15.7 - https:\/\/yoast.com\/wordpress\/plugins\/seo\/ -->\n<title>Technician @Work - Inspection ROV - Subaquatique - Travaux Sous marin<\/title>\n<meta name=\"description\" content=\"Travaux sous-marins: inspections ROV, construction, maintenance, plongeurs, intervention sous marine ,ROV,travaux imerg\u00e9s Inspection ROV Technician @Work\" \/>\n<meta name=\"robots\" content=\"index, follow, max-snippet:-1, max-image-preview:large, max-video-preview:-1\" \/>\n<link rel=\"canonical\" href=\"https:\/\/www.rovtaw.com\/\" \/>\n<meta property=\"og:locale\" content=\"fr_FR\" \/>\n<meta property=\"og:type\" content=\"article\" \/>\n<meta property=\"og:title\" content=\"Technician @Work - Inspection ROV - Subaquatique - Travaux Sous marin\" \/>\n<meta property=\"og:description\" content=\"Travaux sous-marins: inspections ROV, construction, maintenance, plongeurs, intervention sous marine ,ROV,travaux imerg\u00e9s Inspection ROV Technician @Work\" \/>\n<meta property=\"og:url\" content=\"https:\/\/www.rovtaw.com\/\" \/>\n<meta property=\"og:site_name\" content=\"Technician @Work\" \/>\n<meta property=\"article:modified_time\" content=\"2020-11-27T15:26:26+00:00\" \/>\n<meta name=\"twitter:card\" content=\"summary_large_image\" \/>\n<meta name=\"twitter:label1\" content=\"Dur\u00e9e de lecture est.\">\n\t<meta name=\"twitter:data1\" content=\"1 minute\">\n<script type=\"application\/ld+json\" class=\"yoast-schema-graph\">{\"@context\":\"https:\/\/schema.org\",\"@graph\":[{\"@type\":\"Organization\",\"@id\":\"https:\/\/www.rovtaw.com\/#organization\",\"name\":\"ROVTAW\",\"url\":\"https:\/\/www.rovtaw.com\/\",\"sameAs\":[\"https:\/\/www.youtube.com\/channel\/UCW0zc7l4qczUG6bXA0jTqHg\"],\"logo\":{\"@type\":\"ImageObject\",\"@id\":\"https:\/\/www.rovtaw.com\/#logo\",\"inLanguage\":\"fr-FR\",\"url\":\"https:\/\/www.rovtaw.com\/wp-content\/uploads\/2020\/11\/Fichier-12.png\",\"width\":551,\"height\":551,\"caption\":\"ROVTAW\"},\"image\":{\"@id\":\"https:\/\/www.rovtaw.com\/#logo\"}},{\"@type\":\"WebSite\",\"@id\":\"https:\/\/www.rovtaw.com\/#website\",\"url\":\"https:\/\/www.rovtaw.com\/\",\"name\":\"Technician @Work\",\"description\":\"Inspection ROV\",\"publisher\":{\"@id\":\"https:\/\/www.rovtaw.com\/#organization\"},\"potentialAction\":[{\"@type\":\"SearchAction\",\"target\":\"https:\/\/www.rovtaw.com\/?s={search_term_string}\",\"query-input\":\"required name=search_term_string\"}],\"inLanguage\":\"fr-FR\"},{\"@type\":\"WebPage\",\"@id\":\"https:\/\/www.rovtaw.com\/#webpage\",\"url\":\"https:\/\/www.rovtaw.com\/\",\"name\":\"Technician @Work - Inspection ROV - Subaquatique - Travaux Sous marin\",\"isPartOf\":{\"@id\":\"https:\/\/www.rovtaw.com\/#website\"},\"datePublished\":\"2020-10-20T18:13:21+00:00\",\"dateModified\":\"2020-11-27T15:26:26+00:00\",\"description\":\"Travaux sous-marins: inspections ROV, construction, maintenance, plongeurs, intervention sous marine ,ROV,travaux imerg\\u00e9s Inspection ROV Technician @Work\",\"inLanguage\":\"fr-FR\",\"potentialAction\":[{\"@type\":\"ReadAction\",\"target\":[\"https:\/\/www.rovtaw.com\/\"]}]}]}<\/script>\n<!-- \/ Yoast SEO plugin. -->","_links":{"self":[{"href":"https:\/\/www.rovtaw.com\/index.php\/wp-json\/wp\/v2\/pages\/34"}],"collection":[{"href":"https:\/\/www.rovtaw.com\/index.php\/wp-json\/wp\/v2\/pages"}],"about":[{"href":"https:\/\/www.rovtaw.com\/index.php\/wp-json\/wp\/v2\/types\/page"}],"author":[{"embeddable":true,"href":"https:\/\/www.rovtaw.com\/index.php\/wp-json\/wp\/v2\/users\/1"}],"replies":[{"embeddable":true,"href":"https:\/\/www.rovtaw.com\/index.php\/wp-json\/wp\/v2\/comments?post=34"}],"version-history":[{"count":9,"href":"https:\/\/www.rovtaw.com\/index.php\/wp-json\/wp\/v2\/pages\/34\/revisions"}],"predecessor-version":[{"id":238,"href":"https:\/\/www.rovtaw.com\/index.php\/wp-json\/wp\/v2\/pages\/34\/revisions\/238"}],"wp:attachment":[{"href":"https:\/\/www.rovtaw.com\/index.php\/wp-json\/wp\/v2\/media?parent=34"}],"curies":[{"name":"wp","href":"https:\/\/api.w.org\/{rel}","templated":true}]}}